s) = 4*s + 2. Let u(d) = d**3 + 8*d**2 + 7*d + 2. Let y be u(-7). What is j(y)?
10
Suppose -4*o - 3*z = -49, -3*z - 62 - 17 = -4*o. Let h = o + -14. Let y(s) = s**3 + 8*s**3 - s**h + 3*s**2 - 3 + 2. Give y(1).
10
Let j be -1 - ((-15)/(-18))/(2/12). Let q be -1*(-8)/(-12) - (-44)/j. Let b(t) = -2*t - 8. Give b(q).
8
Let l(v) be the second derivative of v**4/12 + 5*v**3/6 - 111*v. Give l(-3).
-6
Suppose 4*r + 4 = 0, 0 = -3*s - 0*r + 5*r - 10. Let l(j) be the third derivative of -j**6/120 - j**5/15 + 5*j**4/24 - j**3/2 + 3*j**2 - 24*j. What is l(s)?
-3
Let u(c) = -c**3 - 5*c**2 - c - 4. Let m be 4 + -1 - (5 + 2) - 0. Determine u(m).
-16
Let f = 0 + -1. Let p(a) = -a**3 + 12*a**2 - 21*a + 8. Let k be p(10). Let i be k/((-4)/(-10))*f. Let g(d) = d - 1. Give g(i).
4
Let r(z) be the third derivative of z**4/24 + 4*z**3/3 - 188*z**2. Let i(y) = -5*y**3 - y. Let t be i(-1). Determine r(t).
14
Let h(l) = -4*l**2 - l**3 + 3*l**2 - 4 - 4*l**2 + 7 + l. Suppose -c = -3*m + 2*m + 7, 4 = 2*c + 4*m. Calculate h(c).
-17
Let u(n) be the second derivative of -13*n - 5/2*n**2 + 0 - 2/3*n**3 - 1/12*n**4. Determine u(-5).
-10
Suppose -2*c - 6 = -5*c. Let k(n) be the second derivative of n**5/20 - n**3/2 + n**2/2 - n. Give k(c).
3
Let o(a) = 4 + 7 + 14*a**2 + 13*a - 27*a + a**3. Determine o(-15).
-4
Let c(b) be the third derivative of 0 + 0*b + 1/3*b**3 - 15*b**2 - 1/24*b**4. What is c(6)?
-4
Let v = -8 - -13. Let d(r) = 7*r + 8 - v*r - 3*r. What is d(6)?
2
Let z be (-1)/(-2)*-2 + -1. Let q(g) = 2*g**2 - g - 3. Calculate q(z).
7
Let b(c) = c - 12*c - 1 + 16*c. Determine b(4).
19
Suppose -5*b = 67 - 7. Let r(h) = h**3 + 13*h**2 + 10*h - 15. Give r(b).
9
Let h(u) = -5*u**2 - 35*u + 4. Let m(f) = -2*f**2 - 12*f + 1. Let a be 3 + ((-6)/(-3) - 2). Let j(i) = a*h(i) - 8*m(i). Give j(7).
-10
Let l(q) = -q**3 - 7*q**2 - 10*q - 13. Suppose 2*s + 2 = -2*u, 3*u + 22 + 1 = s. Calculate l(u).
11
Let p = -9 + 20. Suppose -f - 2 + p = 0. Let x = f + -12. Let y(q) = -q**3 - 3*q**2 - 2*q - 4. Determine y(x).
2
Let x(p) = p + 11. Let j(f) = -2*f - 22. Let k(o) = -2*j(o) - 5*x(o). Let y be k(-13). Suppose s + 0*s = y. Let n(h) = 4*h + 2. What is n(s)?
10
Let p(m) = m**3 + 6*m**2 + 8*m + 4. Suppose -q + 321 = 2*q + 3*a, q = -2*a + 106. Let r be ((-10)/8)/(9/q). Let j = r + 10. Determine p(j).
-11
Let l(i) = i + 7. Let w = 307 + -310. Give l(w).
4
Let k(h) be the third derivative of h**6/120 + h**5/30 - 933*h**2. Let j(f) = f. Let d be j(1). Let v = -2 - d. Determine k(v).
-9
Let f = -7 + 9. Let t(z) = -15*z**2 + 2*z + 8*z**f - 3*z. Determine t(1).
-8
Let i(r) be the first derivative of 6*r - 2 + 1/2*r**2. Suppose -78 = -19*a + 32*a. Determine i(a).
0
Let d(v) = -3*v - 37. Let w(f) = 7*f + 77. Let r(t) = -5*d(t) - 2*w(t). Calculate r(0).
31
Suppose 5*k = -0*k - 2*y + 254, -y - 148 = -3*k. Let x(s) = -50*s + k*s - 3 - s**2. Determine x(0).
-3
Suppose 12 = -2*f - 2*q - 3*q, 5*f + q - 16 = 0. Suppose -f*p - 1 = -9. Let b(k) = k**3 - k + 0*k**2 - 1 + 3*k**2 - 1 - k**p. What is b(-2)?
0
Suppose 0*s = -2*s + 12. Let d(j) be the second derivative of -j**4/12 + 4*j**3/3 + j**2/2 + 2*j. Give d(s).
13
Let p = -42 - -53. Let s(t) = -p*t - 2 - 189*t**2 - 1 - 4 + 188*t**2. What is s(-5)?
23
Let f = -457 - -459. Let n(o) = -8*o + 2. Determine n(f).
-14
Let d(y) be the second derivative of 1/6*y**3 + 0 - 10*y - 4*y**2. Calculate d(8).
0
Let l = -77 - -148. Let g = l - 74. Let b(y) = -y**2 - 4*y + 1. Determine b(g).
4
Let y(d) = -6*d + 5*d**2 + 4 - d**3 - 7 + 1 + 8. What is y(4)?
-2
Suppose 17 - 1 = 4*i. Let h be (-4 + 3)*i/(-2). Let m(y) = 3*y**2 - 2*y**3 + y**2 - 2*y - y**h + 3 - y. Give m(2).
-7
Let o(x) = -2*x - 4. Suppose -3*f + 372 = 2*j + 123, -2*f - 4*j = -174. Let k = 76 - f. Determine o(k).
6
Let q = 2764 - 2756. Let h(s) = 5*s - 32. Calculate h(q).
8
Let n(d) = d - 10. Suppose -4*l - 11 = -a - 5*l, 5*l - 44 = -4*a. Determine n(a).
1
Let z(x) be the third derivative of 3*x**2 - 1/2*x**3 + 0*x + 1/24*x**5 - 1/360*x**6 + 1/12*x**4 + 0. Let h(y) be the first derivative of z(y). Determine h(4).
6
Let d(g) = 3 - 20*g - 10 + 5 + 1. Give d(-1).
19
Let c(x) = 12*x**2 - x - 1. Let h(b) = -b**3 - 5*b**2 - 3*b + 3. Let z(w) = -w**2 + 2*w - 1. Let l be z(3). Let o be h(l). Give c(o).
12
Let i(s) = -14*s - 26*s + s**3 + 79*s + 18*s**2 + 14 - 21*s. Determine i(-17).
-3
Let y(v) = 42*v**2 + 3*v - 48*v**2 - 2*v. Let r(c) = -c**2 - 7*c + 1. Let a(g) = g**3 - 6*g**2 + 6*g - 12. Let i be a(5). Let x be r(i). What is y(x)?
-5
Let u = 451 - 449. Let k(f) = f + 2. Let l be k(0). Let m(p) = 4*p - 2 - p**3 - 2 - u*p + 0*p - 3*p**l. Determine m(-4).
4
Let i(w) be the first derivative of 5*w**4/4 - w**3/3 - w**2/2 + w - 50. What is i(2)?
35
Let z(f) = 9*f**2 + f - 1. Let l = 18 - 24. Let n be l/15 + ((-68)/(-20) - 2). Calculate z(n).
9
Suppose -2*v + 84 = -16. Let o be (-2)/5 - (-120)/v. Suppose -o*m = -5*m - 12. Let c(r) = -r + 4. Calculate c(m).
8
Suppose -4*b = 2*n + 3*n + 19, -4*n = 2*b + 14. Let r(g) be the third derivative of -g**4/12 - 2*g**3/3 + 2*g**2. Determine r(n).
2
Let f(k) = 3*k - 6. Let q = 924 + -920. What is f(q)?
6
Let i(x) = -x**3 - 6*x**2 + 17*x + 8. Let y be i(-8). Let m(u) = 9 + 7 - u + 12*u**2 - u**2 - 10*u**2. Determine m(y).
16
Let s(b) be the first derivative of b**5/60 + 7*b**4/24 - 4*b**3 - 7. Let r(t) be the third derivative of s(t). Calculate r(-5).
-3
Let r be 54/(-12)*(-4)/(-3). Let g(w) be the first derivative of w**4/4 + 2*w**3 + w**2 + w - 243. What is g(r)?
-11
Let w = -51 + 57. Suppose -2*f = -5 - 3. Let z(o) = 2*o**2 + 3 - o**2 + 3 - 2*o**2 + f*o. What is z(w)?
-6
Suppose 81 = 5*c + 4*u, -3*c = -c + 3*u - 38. Suppose 5*p = 3*d - 9, 2*p + 5*d + 3 = -c. Let s(x) = -x**3 - 4*x**2 - 2*x - 3. Determine s(p).
-6
Let m = -1035 + 1019. Let d(k) = k + 14. Give d(m).
-2
Let w(y) = -5*y + 15. Let v be w(3). Suppose -8 = -k - s + 4*s, v = -k - s. Let f(g) = 3*g**3 - 4*g**2 + 4*g - 2. What is f(k)?
14
Let a be (-27)/(-5) + (-6)/15. Suppose i + 119 = 2*k, 5*k - i - 93 = 200. Let c(l) = -l + 27 + 25 - k. What is c(a)?
-11
Suppose -4*s = -0*d + 3*d - 6, 0 = d + 5*s + 9. Suppose 19*n - d = 18*n. Let w(p) = -p + 4. What is w(n)?
-2
Let m(g) = g**3 + 7*g**2 + 8*g - 5. Let u(q) = -q**2 - 108*q - 521. Let t be u(-5). Determine m(t).
-17
Let f(a) = 104 - 247*a**3 - 105 - a + 246*a**3. Calculate f(-2).
9
Suppose -4*g + 28 = 4*n, g + 11 = n + 3*g. Let h(c) be the first derivative of c**4/4 - 2*c**3/3 + c - 4. Determine h(n).
10
Let f(x) = -5*x + 4*x**2 - x**3 - x**2 - 1 + 6*x + 2*x**3. Let a = 164 - 166. Calculate f(a).
1
Let p(o) = -o**2 - 11*o + 31. Let q be p(-13). Let d(l) = q*l + 190 - 100 - 94 + l**2. Determine d(-6).
2
Let h(a) = -2*a**3 + 2*a**2 - a - 5. Let y(i) = -6*i**3 + 6*i**2 - 3*i - 14. Let l(p) = 17*h(p) - 6*y(p). Give l(1).
0
Let n(p) = -4*p + 4. Let s(b) = 4*b - 8. Let y(d) = 5*n(d) + 4*s(d). Give y(-8).
20
Let z(v) = -31*v + v**2 - 33*v - 4 + 5 + 61*v + 0. Calculate z(5).
11
Let b(s) = -s + 1. Suppose 0 = n - 9 + 8. Let d(x) = -2*x - 8. Let j(y) = n*d(y) + 6*b(y). Determine j(2).
-18
Let j be (-3)/2*(-88)/6. Let l(s) = 21*s**2 - j*s**2 - 3 + 5*s - s. What is l(4)?
-3
Let n(v) be the first derivative of v**2/2 + 4*v - 9. What is n(-2)?
2
Let s = 10 + -12. Let a be 12/(-8) - s/4. Let b(u) = -2*u + 3*u - 4*u + 4*u - 2*u**2. Give b(a).
-3
Suppose u + 1 = 3*t - 8, -t + 5*u + 3 = 0. Let h = -4 - -6. Suppose h*p = -t - 9. Let i(l) = 3*l + 8. Give i(p).
-10
Let b(c) = -3*c**2 - 3*c - 3. Let l be 28/(-8) - (-4 + (-25)/(-10)). Calculate b(l).
-9
Let u = -69 + 63. Let p be (-2 - 13/u) + (-220)/24. Let j(g) = g + 10. Give j(p).
1
Let q(g) = -2*g**3 - 5*g**2 + 2*g + 1. Let b be 496/(-120) + 22/165. Determine q(b).
41
Let m(n) = 3*n - 17. Suppose 11*d + 4*d = 135. What is m(d)?
10
Let m(k) be the second derivative of k**4/12 + 13*k**3/6 + 4*k**2 + 21*k. Let o be m(-12). Let w(a) = a**3 + 4*a**2 + a + 5. What is w(o)?
1
Let d be (-80)/(-15)*(-3)/(-4). Suppose -4*x + 4*k = -8, 11 + 13 = d*x + 4*k. Let i(h) = -3*h**3 + 3 - 4*h**2 - 1 - 4*h + 4*h**3. Determine i(x).
-14
Let p(k) = k**2 + 4*k + 3. Suppose 4*h = w - 4, 18*h + 8 = 14*h. What is p(w)?
3
Let l(a) = -a**2 + a - 9. Let v(j) = -6*j**2 + 32*j - 10. Let b be v(5). What is l(b)?
-9
Let g(b) = b**2 - 1. Let j(p) = p**3 + 11*p**2 + 8*p + 4. Let